3 + 41*a**2 - 68*a + 34. What is the thousands digit of i(38)?
1
Suppose 5*a + 0*a = 2035. What is the units digit of a?
7
Suppose 4*j - 860 = -2*d, -7*j + 4 = -10. What is the hundreds digit of d?
4
Suppose 2*r + 4*m = 72, -r = -2*r + 4*m + 30. Let s = r - 9. Suppose -11 = -4*i + s. What is the units digit of i?
9
Let s be -2 + 3/1 - 0. What is the tens digit of ((-1)/2)/(s/(-46))?
2
Let t(f) = 2*f**3 - 12*f**2 + 12*f - 6. Let c be t(5). Let n(l) = 2*l**3 + 3*l + 5. What is the hundreds digit of n(c)?
1
Suppose w + 40 = 5*y - 7, -5*w + 4*y - 214 = 0. Let d = 17 + w. Let n = 40 + d. What is the units digit of n?
5
Let l(w) = -w**3 - 8*w**2 + 9*w + 4. Let r be l(-9). Let n = 0 - r. What is the tens digit of (0 + (-19)/4)*n?
1
Let i = 155 - 605. Let z = -1 - 3. What is the units digit of (z/10)/(10/i)?
8
What is the hundreds digit of (-17066)/(-6) - (12 - (-352)/(-33))?
8
What is the units digit of 5/(10/6)*(-23841)/(-27)?
9
Suppose -d + 6 + 18 = -h, d - 42 = -5*h. Suppose 5*m + 4*j - d = -7, 10 = 2*j. What is the units digit of (m + 1)/((-11)/(-253))?
3
Let r(z) = -2*z - 4. Let m be r(-4). Let x(f) = f**3 + 3*f**2 - f - 1. Let d be x(-2). Suppose -o - o - 55 = -3*h, m*h - 85 = d*o. What is the tens digit of h?
1
Let x(y) = 4*y**3 - 2*y**2 + 4*y - 1. Let q be x(4). Let r = -168 + q. What is the units digit of r?
1
What is the hundreds digit of (3*33/(-18) - -3)*-274?
6
Suppose -2*a - 4*p - 9 = -3, 0 = -3*p - 6. Let n be (-3)/2*(-1 - a). What is the units digit of (-1)/(-3) + 23/n?
8
Suppose 30 = 4*o + 10. Suppose -4*w + 66 = o*i - 358, 0 = -w + 2*i + 93. What is the tens digit of w?
0
Suppose 16 = 4*q, -2*d + 5*q - 1120 = -3438. What is the tens digit of d?
6
Let r = 320 + -186. What is the tens digit of r?
3
Let i(u) = -2*u**3 + 4*u**2 - 3*u + 1. Let n be i(2). Let h(x) be the first derivative of 4*x**3/3 + 3*x**2/2 - 10*x + 37. What is the tens digit of h(n)?
7
Let w = 59 - -11. What is the units digit of w?
0
Let h(v) = 62*v**2 - 5*v - 2. What is the hundreds digit of h(3)?
5
Suppose 37 - 29 = -8*k. Let t be ((-2)/3)/(4/(-138)). Let b = k + t. What is the tens digit of b?
2
Suppose 490 = 5*n - 10*n. Let o = n + 172. Suppose 5*r - 146 = o. What is the units digit of r?
4
Let s be (483/4)/(4/(-96)*-9). Suppose -9*i = -2*i - s. What is the units digit of i?
6
Let d(n) = -2*n - 5. Let x be d(-5). What is the tens digit of (4 - x)/(3/(-171))?
5
Let s = 1874 + -860. What is the thousands digit of s?
1
Suppose -5*x + 20 = 0, -x = 4*t - 24 - 288. Let y = 141 - t. What is the units digit of y?
4
Suppose -28*a + 22*a + 1290 = 0. What is the tens digit of a?
1
Let q(s) be the third derivative of s**4/12 + 35*s**3/3 - 20*s**2. What is the units digit of q(0)?
0
Let z = -42 + 32. What is the units digit of 172/z*(-15)/6?
3
What is the hundreds digit of 2/3 - (-6545)/15?
4
Suppose 17665 = 5*y + p, 2*p - 115 = -y + 3418. What is the thousands digit of y?
3
Suppose 32 = -5*y + 17. What is the hundreds digit of (1*(-3)/(-6))/(y/(-666))?
1
Let y = -3 + 8. Suppose 2*s - y*s - 21 = -3*c, -3*c + 25 = -4*s. Suppose -2*m + 26 = c*f, 0 = -4*f + m + 4*m + 73. What is the tens digit of f?
1
Let c(k) = -4*k - 36. Let d be c(-9). Suppose d = -8*p + 13*p - 250. What is the units digit of p?
0
Suppose 5*p + 4155 = 11755. What is the hundreds digit of p?
5
Let n(q) = -q**3 - 13*q**2 - 3*q - 38. Let k be n(-13). Let b(r) be the first derivative of 9*r**2 - r - 1. What is the units digit of b(k)?
7
What is the tens digit of 1/(-3) - 1239184/(-246)?
3
What is the hundreds digit of 12 + 413/(-35) - 11994/(-5)?
3
Let o be (-2)/(-3)*(-351)/18. What is the units digit of (-91)/28*(o + 1)?
9
Let b(y) = y**3 + 14*y**2 + 13*y + 18. Let w be (-2)/(-1 - -3) - 12. Let h be b(w). Suppose -68 = -5*m - h. What is the tens digit of m?
1
Let y = 8 + -3. Let n be 8/(-20) - (-132)/y. Suppose -111 + n = -5*h. What is the tens digit of h?
1
Let x = -28 - -30. What is the tens digit of ((-130)/5)/(x/(-8))?
0
Suppose -3*a + 5*z - 4 + 26 = 0, 0 = -a - 2*z. Suppose -4*l + a*n = -28, 6*n = -3*l + n - 19. What is the units digit of l?
2
Let q(l) = -l**3 + 4*l**2 + 9*l - 18. Let w be q(6). What is the units digit of (-27)/w - 387/(-12)?
3
Let q be (-1 + (0 - 1))/(10/(-215)). What is the hundreds digit of 42/(-7)*q/(-2)?
1
Let i(j) be the third derivative of -j**6/120 - j**5/60 + j**4/3 + 2*j**3/3 + 3*j**2. What is the units digit of i(-6)?
6
Suppose 4*u - 36 = u. Suppose 0 = 4*g - 61 - 143. Let d = g - u. What is the units digit of d?
9
Suppose 3150 = 6*a + a. Suppose -a = -3*j + 2*f + 2*f, -3*j + 3*f = -447. What is the tens digit of j?
4
Suppose -k - 173 = -1225. What is the units digit of k?
2
Let l(y) = y**3 - 12*y**2 + 12*y - 3. Let v be l(11). Let s(g) = -g**2 + 6*g + 8. Let m be s(v). Let t = m - -16. What is the units digit of t?
8
Let a(m) = 23*m**2 - 24. What is the units digit of a(-5)?
1
Let u(l) = -l**2 - 23*l - 7. Suppose h = 5*y - 42, 3*h - y = -6*y - 46. What is the tens digit of u(h)?
1
Let q be 1/(-4) - 41/(-4). Let z be (-2409)/(-55) + 2/q. Let x = 70 - z. What is the units digit of x?
6
Let k be ((-6)/8)/((-9)/36). Suppose 506 = 5*y + h, -2*y - k*h - h = -188. Let f = y + -56. What is the units digit of f?
6
Let r be (-5)/((3/5)/(-3)). Let j be 68/(-10) - 5/r. What is the tens digit of (j - -24)*4/2?
3
What is the tens digit of 2*(-12)/(-24)*1458?
5
Let p be ((-3)/(-9))/((-3)/(-117)). Let k = -10 + p. Suppose h + 45 = 5*b, k*h + 2 - 17 = 0. What is the tens digit of b?
1
Let c be 12/(-8)*-2 + 6/(-2). Let j be (-6)/15*(-215)/1. Suppose j = -c*p + 2*p. What is the units digit of p?
3
Let g(k) = 9*k**3 - k**2 + 2*k. Suppose -3*f + 2*y - 65 = 0, -2*y + 23 = -f - 0*y. Let j = f + 22. What is the tens digit of g(j)?
1
Let d(p) = -p**2 - 41*p - 17. What is the units digit of d(-12)?
1
Let b(j) = -j - 7 - 206*j**2 + 215*j**2 + 1 + j**3. Let c be b(-9). Suppose -77 + 232 = 5*z + d, c*z + 2*d = 100. What is the units digit of z?
0
Let f = 1159 + -684. What is the hundreds digit of f?
4
What is the units digit of (442/(-130))/(2 + 311/(-155))?
7
Let z(x) = -2*x**3 + 17*x**2 - x - 54. What is the units digit of z(-8)?
6
Suppose 0 = f + 5*c - 35, 4*f - 4*c + 8*c = 92. Suppose -19 = l - 2*q - 0*q, 2*l - 5*q + 34 = 0. Let n = f - l. What is the units digit of n?
7
Let k = -52 + 144. Suppose -2*n = -k - 0. Let p = n - -13. What is the units digit of p?
9
Suppose 63 = 17*s - 787. What is the tens digit of s?
5
Let g = 1889 + -1116. What is the units digit of g?
3
Suppose 5*s - 315 = 5*f, -7*s + 365 = -2*s + 5*f. Let i = 65 + s. What is the hundreds digit of i?
1
Let b be (-45000)/(-130) + 2/(-13). Suppose 4*r + 2*z = -0*z + 278, 5*r - b = -4*z. Suppose f - 3*f = -r. What is the tens digit of f?
3
What is the hundreds digit of 7/21*9 - -514?
5
Suppose -4*y - 2*x = -290, -2*x - 40 = -4*y + 238. What is the tens digit of y?
7
Let u(n) = -n - 14. Let k be u(-13). Let m(c) = -c**2 + 1. Let a be m(k). Suppose a = -0*d + d - 60. What is the units digit of d?
0
Let l = 224 - 80. Suppose -64 = t - l. What is the units digit of t?
0
Suppose -174 = -h - 2*r, -h = -4*h - 3*r + 507. What is the units digit of h?
4
Suppose -13*x + 23252 + 57 = 0. What is the thousands digit of x?
1
Suppose 2*k = 3*x - 84 - 92, 5*x = 3*k + 295. Suppose 0 = -3*u + 5*u - x. Suppose 4*s + u = 255. What is the tens digit of s?
5
Let c(y) = -17*y + 267. What is the units digit of c(-14)?
5
Suppose 0 = 2*o - 5*u - 10, 3*o + 0*o - 2 = u. Suppose -4*j - 5*l + l - 8 = o, 0 = j + 5*l + 22. Let m = j - -18. What is the tens digit of m?
2
Let v(a) = a**2 - 7*a + 1001. What is the thousands digit of v(0)?
1
Let f = 2857 - 1487. Let j = -978 + f. What is the tens digit of j/22 - 16/(-88)?
1
Let g(i) = i**3 - 2*i**2 + 7*i - 42. What is the hundreds digit of g(9)?
5
Suppose 4*g - 3381 = -3*x, 3*g - 314 - 2228 = -x. What is the units digit of g?
9
Let s(w) = -2*w - 1. Let h(t) = t**2 - 6*t - 8. Let z be h(7). Let p be s(z). What is the units digit of p*-3*3/(-9)?
1
Let r be (-297)/(-1) - (-2)/(-2). Suppose -9*q = -919 - r. What is the tens digit of q?
3
What is the units digit of (-16063)/(-5) - (-144)/(-90)?
1
Let y = 86 - 61. Suppose y + 16 = u. What is the tens digit of u?
4
Let j = 5819 - 3798. What is the units digit of j?
1
Suppose -4*